 base 2, what is 11101100101000111 + 1110?
11101100101010101
In base 8, what is -11 - -2376?
2365
In base 4, what is -12221302 - -10?
-12221232
In base 9, what is 2 - 42655?
-42653
In base 13, what is -14b7 - 5?
-14bc
In base 11, what is 13 + 101441?
101454
In base 15, what is 11db + 12b?
1317
In base 2, what is 10 - 11000000001110000011?
-11000000001110000001
In base 15, what is -19c + 490?
2e3
In base 5, what is -122 - -200110?
144433
In base 15, what is 793 - 297?
4eb
In base 2, what is -11111001010 + -110111111?
-100110001001
In base 10, what is -104 - 1604?
-1708
In base 3, what is -102202 - -10221100?
10111121
In base 2, what is 110000100010110010 + -10100?
110000100010011110
In base 4, what is -31 - 20330002?
-20330033
In base 10, what is 18 - -10525?
10543
In base 15, what is -d99 + -d?
-da7
In base 15, what is -20a43 - -3?
-20a40
In base 9, what is 83143 + 10?
83153
In base 15, what is 2 - -44b5?
44b7
In base 5, what is -121302304 + 10?
-121302244
In base 4, what is -110 + 30230?
30120
In base 8, what is -1364035 - 5?
-1364042
In base 11, what is 35 - -258?
292
In base 10, what is 86 - -18162?
18248
In base 9, what is 100518 - 2?
100516
In base 5, what is 31140404 + 1?
31140410
In base 2, what is -10001000011100001010000 - 10?
-10001000011100001010010
In base 5, what is -12210 - 2413?
-20123
In base 5, what is 21 - 13020414?
-13020343
In base 14, what is 0 - -215?
215
In base 11, what is -2 - -8633?
8631
In base 3, what is 101222221 - -111?
102000102
In base 8, what is -2671 + 15?
-2654
In base 4, what is 10 + 32103300?
32103310
In base 11, what is -2a68 + 0?
-2a68
In base 8, what is 40101 - -3?
40104
In base 3, what is 1010110022110 + -2?
1010110022101
In base 7, what is -1325646 + -12?
-1325661
In base 15, what is -2468e + 6?
-24688
In base 4, what is -20223112 + 0?
-20223112
In base 9, what is 1 - 266445?
-266444
In base 7, what is -215 - 15005?
-15223
In base 13, what is -2026 + 40?
-1cb6
In base 4, what is -11212103 - -212?
-11211231
In base 14, what is -5 + -1d41?
-1d46
In base 2, what is -11 - 100101001001?
-100101001100
In base 15, what is 29b - -17?
2b3
In base 16, what is 11d7 - -125?
12fc
In base 6, what is -133 + 13045?
12512
In base 9, what is -73 - -3588?
3515
In base 14, what is 149 - b3?
76
In base 10, what is -658807 - -2?
-658805
In base 7, what is -31516 - 155?
-32004
In base 12, what is -7 - 11983?
-1198a
In base 5, what is 2 - -41240240?
41240242
In base 8, what is -5 + -3176373?
-3176400
In base 16, what is -5 - 8d2?
-8d7
In base 7, what is -136 - 1002?
-1141
In base 13, what is -3 + 56c1?
56bb
In base 13, what is -22 + 64?
42
In base 5, what is -1 + 42100131?
42100130
In base 16, what is -1f98 + -54?
-1fec
In base 6, what is -1 - 10124203?
-10124204
In base 10, what is -1 + -174467?
-174468
In base 15, what is 22db1 - 5?
22dab
In base 12, what is 8 - 815?
-809
In base 14, what is 3 + -14105?
-14102
In base 11, what is -13619 - -41?
-13588
In base 2, what is 100111010 + 1110111111000?
1111100110010
In base 14, what is -43 - 739?
-77c
In base 8, what is -16353 - 3?
-16356
In base 10, what is -75619 + -61?
-75680
In base 8, what is -7420 - -4?
-7414
In base 12, what is -5 + -385747?
-385750
In base 15, what is 5d + -1c8?
-16a
In base 8, what is -5 + 163053?
163046
In base 3, what is -110201 - 20011111?
-20122012
In base 7, what is -12 - -25300?
25255
In base 2, what is -10111100111111 + -11000?
-10111101010111
In base 3, what is -2222010 + 1211?
-2220022
In base 2, what is -100100101111010110011110 - -100?
-100100101111010110011010
In base 14, what is 3146b2 + 5?
3146b7
In base 15, what is 19ac7 + -2?
19ac5
In base 14, what is 1c7 + -b?
1ba
In base 5, what is -20313242 - 4?
-20313301
In base 13, what is -382 - 1327?
-16a9
In base 5, what is -4 + -201110410?
-201110414
In base 2, what is -1001101001 + 11000000111?
1110011110
In base 10, what is -190372 - 1?
-190373
In base 4, what is 332 + 231323?
232321
In base 15, what is -28b3 + 0?
-28b3
In base 11, what is 1859 + 346?
20a4
In base 2, what is -1011000 + 1101110?
10110
In base 7, what is 31 - 103610?
-103546
In base 15, what is 16 - 380?
-369
In base 8, what is 305 - -3037?
3344
In base 13, what is 483 + 2?
485
In base 6, what is 14422 + -315?
14103
In base 14, what is -3ba - 20?
-3da
In base 9, what is -743843 - 3?
-743846
In base 2, what is -10010001110 - 100110001101?
-111000011011
In base 16, what is 8 + -35a4?
-359c
In base 13, what is -4 + 5aab?
5aa7
In base 4, what is 10312 - -22?
11000
In base 10, what is -63 + -1305?
-1368
In base 11, what is 6681 - -1?
6682
In base 5, what is -1214314 + -22?
-1214341
In base 3, what is 2 + -10000102102?
-10000102100
In base 2, what is -11 + -110111111101001001001?
-110111111101001001100
In base 4, what is -230 + 13020031?
13013201
In base 10, what is -36 - 4905?
-4941
In base 14, what is 5 - -3d0c6?
3d0cb
In base 13, what is 35 - 5b40?
-5b08
In base 12, what is 1 + 2590?
2591
In base 8, what is 14 + -20375?
-20361
In base 14, what is a - 114?
-108
In base 14, what is -447 + -393?
-7da
In base 14, what is 2c37 + -2?
2c35
In base 16, what is -4 + 9fc?
9f8
In base 12, what is -1 - -aa6b?
aa6a
In base 3, what is 100212 + -1200122?
-1022210
In base 5, what is 134 + -134130?
-133441
In base 11, what is 5 - -457?
461
In base 14, what is -5 + -1137a?
-11381
In base 3, what is -10 - 10210110?
-10210120
In base 15, what is 6 - -460?
466
In base 12, what is -36112 - 5?
-36117
In base 16, what is 2 + -3f2e?
-3f2c
In base 8, what is 104476 + 3?
104501
In base 11, what is -82 - 512?
-594
In base 2, what is 10010100000 + 1110?
10010101110
In base 4, what is 2313 + 110203?
113122
In base 8, what is 2 - -33006?
33010
In base 6, what is 10 - -10311204?
10311214
In base 13, what is -1 + 589c5?
589c4
In base 11, what is 1159 - 600?
659
In base 14, what is 42a53 - 0?
42a53
In base 7, what is 144 + 16536?
20013
In base 12, what is 5b610 - -1?
5b611
In base 3, what is 112121 - -12221012?
20110210
In base 14, what is -4 - 37207?
-3720b
In base 6, what is 1 - 243141?
-243140
In base 16, what is -1f1 + 432?
241
In base 16, what is 2e - 2e42?
-2e14
In base 11, what is 4 + a3424?
a3428
In base 3, what is -1100 - -1000111?
222011
In base 3, what is 10220 - 21121220?
-21111000
In base 11, what is 4 - -3895?
3899
In base 5, what is -2044023 - 2?
-2044030
In base 11, what is -641 + 65?
-587
In base 6, what is 103 - -10550?
11053
In base 15, what is -23add - 0?
-23add
In base 16, what is cda1 + 2?
cda3
In base 8, what is -26 + -10621?
-10647
In base 12, what is -536262 - -1?
-536261
In base 15, what is 764e - 0?
764e
In base 2, what is 11 - -11000110011011?
11000110011110
In base 7, what is 53223 + 11?
53234
In base 8, what is 4 - 312604?
-312600
In base 15, what is -28 - 402?
-42a
In base 6, what is 10055 - -251?
10350
In base 9, what is -8541 - 8?
-8550
In base 6, what is 250 + 11034?
11324
In base 14, what is -b + 31?
24
In base 15, what is -d5 - -151?
6b
In base 7, what is -56630 + -53?
-60013
In base 12, what is -14 - 1a0b?
-1a23
In base 13, what is 8 + -9a10?
-9a05
In base 11, what is 41140 + -9?
41132
In base 7, what is 505 + -52014?
-51206
In base 2, what is -10110011 + 1001001001?
110010110
In base 13, what is 4b - -823?
871
In base 2, what is 10100110100 + 0?
10100110100
In base 9, what is -7 + 21511?
21503
In base 5, what is 2 + 131441003?
131441010
In base 4, what is -3 + -202332330?
-202332333
In base 5, what is -3231 - 21?
-3302
In base 16, what is 170df2 + 4?
170df6
In base 15, what is 50 + 428?
478
In base 15, what is -7b6 - 19d?
-964
In base 11, what is -38a - -292?
-a8
In base 8, what is -75 + 34022?
33725
In base 11, what is 19 - 37512?
-374a4
In base 2, what is -111 - 111100101010?
-111100110001
In base 11, what is 6563 - 6?
6558
In base 9, what is 55248 - -4?
55253
In base 6, what is 4350 + 0?
4350
In base 7, what is 4001 + -223?
3445
In base 8, what is 3 - -3255323?
3255326
In base 7, what is 5464 - 4?
5460
In base 5, what is -111 - -4001?
3340
In base 4, what is 102 + 313333?
320101
In base 5, what is 21 - 43412422?
-43412401
In base 12, what is 206 - 1103?
-ab9
In base 12, what is 0 - -22b3?
22b3
In base 9, what is 176 - -361?
547
In base 5, what is -2 + 111132?
111130
In base 2, what is 0 - 1001010101110011101?
-10010101011